20. Let m(a) = 3*a - 6. Determine m(o).
9
Let c(i) be the third derivative of -7*i**6/120 + i**5/60 - i**4/24 - i**2. Let u be (6 + -7)*(-2 + 1). Give c(u).
-7
Let u be (-7)/(-3) + (-1)/3. Let k(a) = -3*a - 1 - 3*a + u*a. Let d(t) = -t**3 - 8*t**2 - 8*t - 10. Let q be d(-7). Determine k(q).
11
Let n(j) = 1. Let r(z) = z**3 - 5*z**2 - 6*z + 2. Let x be (-16)/20 - 2/10. Let h(i) = x*n(i) + r(i). Give h(6).
1
Let k(y) = -y**2 - 5*y - 4. Let j(u) = -u**2 + 2. Let n be j(-2). Let p = n + 1. Let v be 2 + -6 + (0 - p). Give k(v).
2
Let t(z) = 2*z - 3. Let n be t(-1). Let v(f) = f**2 + 5*f + 1. Calculate v(n).
1
Suppose 3*c = 5*m - 2, 5*m = c + 4*m. Let q(v) = -10*v**3 - v**2 + v + 3. Let u(j) = -21*j**3 - 2*j**2 + 2*j + 7. Let h(w) = 7*q(w) - 3*u(w). Determine h(c).
-7
Suppose 5 - 10 = 5*x. Let y(a) = -5*a**3 + 2*a**2 + 2*a + 1. What is y(x)?
6
Let h(x) be the second derivative of x**5/60 + x**4/3 + 7*x**3/6 - 3*x**2/2 - x. Let a(z) be the first derivative of h(z). Determine a(-6).
-5
Let l(w) = -w**3 - 4*w**2 + 3*w - 4. Suppose -4*c + 20 = -0*c. Suppose o - 4*z = -c, -o - 5*z + 2 - 7 = 0. Give l(o).
6
Let m be (-3)/((-12)/(-8)) + -5. Let r = 9 + m. Let d(x) = 2*x**3 - x**2 + 2*x - 1. Determine d(r).
15
Let q(v) be the second derivative of v**4/12 - 5*v**2/2 - 4*v. Calculate q(-4).
11
Let n(k) = -k**3 - 4*k**2 - 7*k - 1. Let d(j) = -3*j**3 - 8*j**2 - 15*j - 3. Let i(a) = 2*d(a) - 5*n(a). Let y = 6 - -13. Suppose -y = -4*h + 1. Give i(h).
-1
Let i(n) = 5*n**2 + 10*n - 10. Let v(o) = 3*o**2 + 11*o - 7. Let t(a) = -a. Let c(k) = -4*t(k) - v(k). Let y(s) = 8*c(s) + 5*i(s). Calculate y(4).
-2
Let a(m) = -9*m - 1. Let r be (0 - 2) + 8 + -5. Calculate a(r).
-10
Let a(c) be the third derivative of c**8/6720 + c**7/2520 - c**5/60 + 4*c**2. Let p(t) be the third derivative of a(t). Give p(-2).
8
Let l = -6 + 7. Let v(k) = -k**3 - 1. Let b(d) = 3*d**3 + 5*d**2 - 4*d + 8. Let y(o) = l*b(o) + 4*v(o). Suppose 5*w = -10 + 30. Calculate y(w).
4
Let q(j) = -j**3 - 2*j**2 - 3*j - 2. Let h = 163 - 165. Give q(h).
4
Let f(u) = u - 1 + 2 + u. Let v = -22 + 25. Suppose v = z + 7. Give f(z).
-7
Let h(a) = -1 + 2*a**2 - 3*a - a**3 + 3 + 0. Let v be 1/2 - 35/(-10). Let l = -2 + v. Give h(l).
-4
Let c(l) = 9*l**2 + 10*l + 15. Let n(r) = 5*r**2 + 5*r + 8. Let d be -4*(45/6)/(-5). Let m(j) = d*c(j) - 11*n(j). Give m(5).
2
Let k(h) be the first derivative of -h**7/840 + h**6/72 - h**5/20 + h**4/24 - h**3/3 - 3. Let s(i) be the third derivative of k(i). Calculate s(4).
-7
Suppose 0 = -4*d - 2*g + 5 + 3, d - 3*g - 9 = 0. Let m be (-34)/(-8) - d/12. Let a(t) = -t**2 + t + 5. Calculate a(m).
-7
Let j(w) = w - 9. Let k be (-1)/((-26)/(-14) + -2). Let p be j(k). Let c(v) = 2*v**2 + 2*v + 1. Give c(p).
5
Let a(q) = q**3 - 2*q**2 - 4*q + 1. Let o(f) = f - 6. Let c(t) = 2*t - 13. Let g(h) = -3*c(h) + 5*o(h). Let r be g(6). Calculate a(r).
-2
Let x(t) be the first derivative of -t**2 + 0*t - 1/6*t**3 - 1/120*t**6 - 2 + 1/24*t**4 + 1/60*t**5. Let a(j) be the second derivative of x(j). What is a(1)?
0
Let v(q) = -q**3 + 5*q**2 - 3*q - 3. Let g(f) = -f**2 + 1. Let d(h) = -2*g(h) + v(h). Calculate d(6).
13
Let d(i) = 7*i**3 - 15*i**2 + i + 15. Let n(p) = 3*p**3 - 7*p**2 + p + 7. Let v(a) = -2*d(a) + 5*n(a). Suppose -5*j + 7*j - 8 = 0. Determine v(j).
1
Let h(i) = -10*i**3 + 2*i**2 - 2*i + 1. Let o(f) = -f**2 + 15*f - 53. Let t be o(9). Calculate h(t).
-9
Let b(o) = o**3 - 4*o**2 - 5*o - 1. Let u be -10 - -12 - 3*(-1 - 0). Give b(u).
-1
Let g(k) be the third derivative of -k**6/60 - k**5/30 - k**3/3 + 21*k**2. What is g(-2)?
6
Suppose 2*u + u - 18 = 0. Let t = u + -3. Let r(h) = 0*h**3 - h**3 + 1 + h + 0*h**t + 4*h**2 - 4*h. Determine r(2).
3
Let b(d) = -5*d**2 + d - 2*d + 1 + 6*d**3 + 4*d**2 + 0. Let g be b(1). Suppose 15 = -5*l + g*k, 5*l + k + 3 = 2*k. Let i(c) = -c**2 - c - 4. Determine i(l).
-4
Let z(l) be the second derivative of -l**4/2 - l**3/6 - l**2 + 22*l. Give z(-2).
-24
Let y(r) = -3*r**3 - 19*r**2 - 9*r + 9. Let j(i) = -2*i**3 - 13*i**2 - 6*i + 6. Let u(p) = -7*j(p) + 5*y(p). Suppose 5*d = 11*d + 18. What is u(d)?
3
Let i(n) = 2*n + 5. Let a = -25 - -14. Let j = -17 - a. Determine i(j).
-7
Let t(o) = o**2 - 4*o + 2. Let p(b) = -b**2 + b - 1. Let v = -6 - -4. Let s(i) = v*p(i) - t(i). Give s(-4).
8
Let p(v) = 4*v**2 + 2*v + 3. Let z(a) = -23*a**2 - 11*a - 17. Let s(l) = -34*p(l) - 6*z(l). Give s(2).
4
Let f be -1 - (1 + -2)/((-1)/2). Let g(w) be the second derivative of w**4/12 + 2*w**3/3 + 2*w**2 + 2*w. Determine g(f).
1
Let b(a) = a**2 - a - 3. Suppose 3*x - 6 = x. Suppose x*z = 4*z. Calculate b(z).
-3
Let f(o) = o**2 - 2*o - 3. Let w be f(4). Suppose x = 4*a + 6*x - 87, -4*a + x = -117. Let z(d) = 29*d**3 + 4 - a*d**3 + 2*d + d**2 - 7*d**2. Calculate z(w).
-11
Let m be (-3 + 2)*(2 - -1). Let t = 3 + m. Let d(z) = 3 - z + 1 + t*z. What is d(0)?
4
Suppose 5*v = v - 3*t - 14, 0 = -v + 2*t + 2. Let s be 1/2*(-8)/v. Let u(n) = 0*n + n**2 + n - 6*n + s. Calculate u(5).
2
Let u = 1 + -7. Let k(m) = -8 - m**2 + 3 - 2 - 6*m. What is k(u)?
-7
Let c = -11 + 11. Let n(t) = -t + c - 5 + 4. Let a = 0 + 0. Determine n(a).
-1
Suppose -3*a + 11 = p, a + 1 = 3*p - 12. Let x(h) be the third derivative of -h**6/120 + h**5/60 - h**4/8 + h**3/3 - h**2. What is x(a)?
-8
Let v(a) = -2*a**3 + 4*a**2 - 3*a + 1. Suppose 0 = w + 1 - 3. What is v(w)?
-5
Let g(l) = l**2 + 6*l - 5. Suppose 42 = -7*w - 0. What is g(w)?
-5
Suppose 0*f + f - 4*j + 7 = 0, 3*j = -2*f - 14. Let k(d) = d + 2. Give k(f).
-5
Suppose 0 = 4*q - 9*q - 5*l - 25, -2*q + 8 = -4*l. Let u be 30/5*(-4)/6. Let y be q/(-3) + u/6. Let s(p) = p**3 - p**2 - p + 4. Give s(y).
4
Let o(k) be the first derivative of -2*k**3/3 + k**2 + k + 20. What is o(-3)?
-23
Let x(j) = -j**3 + j**2 + j. Suppose 5*f - o + 2 = 0, 2*f + o - 2*o + 2 = 0. Suppose 0*g + n = g - 2, f = 4*g + n + 2. Calculate x(g).
0
Let d(l) = l**2 - 5*l - 3. Let a(w) = -2*w**2 + 4*w + 2. Let i(c) = 2*a(c) + 3*d(c). Calculate i(-5).
5
Let q(m) = 8*m**2 + m - 1. Let a(w) = -w**2 + 6*w - 5. Let l be a(5). Let n be (-3 + l)/3 - -3. Suppose -n*y + 17 = 3*r, 3*r - 10 = -4*y + 9. Determine q(y).
8
Suppose -2*l = -l + 7. Let x = -6 - l. Let f(w) = -7*w. Give f(x).
-7
Let y(u) = 27 - 17 - 14 - u. Give y(0).
-4
Let w(y) be the second derivative of y**4/12 - y**3/2 - y. Suppose 3*h = 4*h - 1. Suppose -h + 17 = 4*n. Calculate w(n).
4
Let r(h) be the first derivative of 4*h**3/3 + 3*h**2/2 + 3*h - 50. Give r(-2).
13
Let d(n) be the second derivative of -n**4/4 + n**3/6 - 3*n**2/2 + 2*n. Let m(r) be the first derivative of d(r). Suppose 3*o = -0 + 3. Calculate m(o).
-5
Let n = -3 - -6. Let f(i) = n + 3*i + 3 - 5 + i**2. Calculate f(-2).
-1
Let x(d) = d**3 + 4*d**2 - 2*d + 7. Let i be ((-3 - 6) + -2)*1. Let u = -16 - i. Give x(u).
-8
Let u(l) = 0*l - 5*l + l. Let h be u(-1). Let z be -6*(-2)/h - 1. Let c(f) = 2*f**3 - 3*f**2 + 3*f - 3. Give c(z).
7
Let a(o) be the first derivative of -o**2/2 - 7*o + 12. Let b = -3 + -3. Determine a(b).
-1
Let h(y) = y**2 + 8*y + 10. Let v be 3 + -5 - 7/1. Determine h(v).
19
Let w be (1/1 - 0)*-2. Let r(f) be the second derivative of -f**3/2 - f**2 + f. Determine r(w).
4
Let s(v) = 2*v**2 + 2*v**2 + v**2 + v + 6 - 3*v. Let k(m) = -6*m**2 + 2*m - 7. Let j(l) = -4*k(l) - 5*s(l). Calculate j(2).
-2
Let p(y) = -y - 1. Let k(b) = 5*b + 9. Let x(d) = 4*d + 9. Let o(t) = 3*k(t) - 4*x(t). Suppose 5*h = 1 - 31. Let c be o(h). What is p(c)?
2
Let w(p) = 0 + 0 - p + 0 + 3. Determine w(8).
-5
Let g(m) = -m**3 + 6*m**2 + m - 6. Let x be g(6). Let c = x + 2. Let y(o) be the third derivative of -o**4/24 + o**3/6 - o**2. What is y(c)?
-1
Let x(b) be the third derivative of b**6/120 - b**5/12 - b**4/12 + 5*b**3/6 - 2*b**2. Let a(r) = r**3 - r**2 - 5. Let m be a(0). Let v = m + 10. What is x(v)?
-5
Let x(k) = -2*k**2 + 1 + 2*k + 0*k + 0*k. Give x(-1).
-3
Let r(n) = n + 11. Let m be r(-13). Let s(y) = -y**2 + 1. Calculate s(m).
-3
Let b(i) = -i + 0*i - 2 + 5 - 4. Determine b(-1).
0
Let w(j) = 5*j**2 + j - 25. Let m(s) = 14*s**2 + 3*s - 73. Let n(i) = 6*m(i) - 17*w(i). What is n(0)?
-13
Let z(c) = c**3 - c + 9. Let b be ((-12)/(-3))/((-10)/35). Let g = 14 + b. What is z(g)?
9
Let r(y) = -y**2 - y + 1. Let x be (-11 - -11)*(-1 - -2). Suppose -h + 3*h = -4*j, -j + h - 3 = x. Calculate r